*j = 7*j - 117. What is the remainder when t is divided by j?
36
Let z be (31/(-4))/1*-8. Let u(y) = 6*y - 82. Let v be u(14). Suppose -4*l + z = 2*b, -5 = -2*b + v*l + 27. Calculate the remainder when b is divided by 13.
8
Suppose 76*y = -117*y + 62532. Calculate the remainder when y is divided by 50.
24
Let y be ((-188)/(-16) + 1)*40/30. Let a(x) = 19*x - 45. What is the remainder when a(y) is divided by 8?
6
Calculate the remainder when 237272/836 - 4/(-22) is divided by 14.
4
Suppose 5*b - z - 71 = 17, 62 = 4*b + 2*z. Suppose -6*q - 5 = -b. Suppose 4*t + q*t - 48 = 0. What is the remainder when 23 is divided by t?
7
Let p be -2*(140/8 - -3). Let y = p - -61. Let m(a) = 2*a**3 - 3*a**2 - 7*a + 6. What is the remainder when m(4) is divided by y?
18
Suppose -x = 3*x + b - 1673, -3*x - 4*b = -1258. What is the remainder when x is divided by 21?
19
Let r(b) = b**3 - 3*b**2 + 13. Suppose i + 11 = 6*i - v, -13 = -5*i + 3*v. Calculate the remainder when r(i) is divided by 3.
0
Let a = -5499 - -5572. What is the remainder when 1968 is divided by a?
70
Let v(g) = -11*g + 11. Let c be v(1). Let w(z) = 9*z**2 - 2*z + 13. Calculate the remainder when 244 is divided by w(c).
10
Suppose 5*n + 7 = 3*i, -i - 2*n = n - 7. Let p = 277 - i. Calculate the remainder when p is divided by 25.
23
Suppose 3 = -4*y + 15. Suppose 149*i - 156*i + 133 = 0. Calculate the remainder when i is divided by 9 - (y - (2 - 0)).
3
Suppose -3*f = -5*b + 120, -5*b + 5*f + 130 = 10. Calculate the remainder when 18910 is divided by b.
22
Let q = 120 - 74. What is the remainder when q is divided by 12*(-5)/(-30) - (-20 - (0 + 7))?
17
Let m(z) = -z**3 + 61*z**2 + 126*z + 104. Calculate the remainder when m(63) is divided by 97.
7
Let b(q) = 4*q**2 - 92*q + 372. What is the remainder when 323 is divided by b(4)?
51
What is the remainder when 120 is divided by -2 + -1 + 35 + 16/(-16)?
27
Let c = -11 - -12. Suppose o + 3*d - 11 = -c, 3*d + 15 = 0. Calculate the remainder when ((-98)/(-3))/(14/21) is divided by o.
24
What is the remainder when (-46)/3*3/(-2) is divided by (30/420*28)/((-1)/(-3))?
5
What is the remainder when (-607)/3*(-86)/((-688)/(-24)) is divided by 279?
49
Suppose -k - 4*u + 1 = 0, 3*k + 113*u = 120*u + 155. What is the remainder when 4118/18 + 4/18 is divided by k?
31
Suppose 230 = m + 4*i, m - 4*i - 72 = 190. What is the remainder when m is divided by 38?
18
Suppose 3*w - 2*a = 1179, -10*a + 1965 = 5*w - 15*a. What is the remainder when w is divided by 22?
19
Let v(k) = 16*k + 271. Let s be v(-17). What is the remainder when 671 is divided by 38 - s - (-10)/(30/9)?
41
Let z = -4 + 10. Let m(i) = i**3 + 13*i**2 - 68*i - 415. Calculate the remainder when m(7) is divided by z.
5
Suppose -13 = 5*b + 32. Suppose 3*g = -5*o - 129, -104 = 4*o - 0*g + 2*g. Let k = b - o. Calculate the remainder when k is divided by 12.
6
Suppose 389*a - 385*a = 128. Calculate the remainder when 397 is divided by a.
13
Let r(d) = -9 - 8 - d**2 - 11 + 14*d. Let v = -24 - -71. What is the remainder when v is divided by r(9)?
13
Let c = -13 + 19. Let d(p) = 3*p**3 + 39*p**2 + 10*p - 55. What is the remainder when d(-12) is divided by (c/(-4))/(6/(-148))?
35
Let t(c) = -2*c**3 - 30*c**2 + 109*c + 39. What is the remainder when 10792 is divided by t(-18)?
19
Let a(o) be the second derivative of o**4/12 + 7*o**3/2 + 13*o**2 - o. What is the remainder when 99 is divided by a(-21)?
21
Let f(x) = 54*x**2 + 3*x + 2. Let k(b) = -1118*b + 4491. What is the remainder when f(-4) is divided by k(4)?
18
Let v(h) = -1543*h - 7666. Calculate the remainder when 277 is divided by v(-5).
32
Suppose x - 17 - 7 = 2. Calculate the remainder when 1052 is divided by x.
12
Let v be (-17)/8 - 4/(-32). What is the remainder when 89 is divided by v/12 + 10659/342?
27
Let x(p) = -3*p + 11. Let k be x(3). Suppose -r + 19 = g - 3*r, 3*g - 73 = k*r. Let y(o) = o**2 + 1. Calculate the remainder when y(8) is divided by g.
11
Let s(d) = 5*d**2 + 58*d + 740. Calculate the remainder when s(-11) is divided by 17.
10
Let s = -1501 + 1496. Let a(b) = -3 + 1 + 0*b - 2*b - 6*b. What is the remainder when 113 is divided by a(s)?
37
Let n(o) = -5*o**3 - 10*o**2 - 3*o. Suppose 3*k - 4 = -2*b, -3*k = -2*b - 6 - 14. Let p be n(b). What is the remainder when p/(-10)*50/(-20) is divided by 23?
20
What is the remainder when 29437 is divided by ((-11)/(264/16))/(4/(-102)) + -1?
13
Suppose 0 = -5*v - 5*n - 164 + 1029, -v + 187 = 3*n. Calculate the remainder when v is divided by 22.
12
Let c(l) = 20*l + 1136. What is the remainder when 833 is divided by c(-43)?
5
Let q(p) = -p**2 - p + 64. Suppose 4*k - 2*h + 7 = 19, 8 = -2*h. What is the remainder when q(0) is divided by (k/5)/((-19)/(-1615))?
13
Let b(w) = w**3 - 56*w**2 - 304*w + 5. What is the remainder when 742 is divided by b(61)?
16
Let i be 454/2 - (74 - 69). Suppose 427 + i = 11*l. What is the remainder when l is divided by 5?
4
Suppose 21*q - 168 = 24*q. Let n(k) = -13*k**2 + 5*k - 4. Let z be n(2). Let j = z - q. Calculate the remainder when 36 is divided by j.
6
Let h = 293 + -283. Suppose l + 37 - 4 = 4*m, -5*l = -m - 6. Suppose 0*i + 333 = m*i. Calculate the remainder when i is divided by h.
7
Calculate the remainder when 405 is divided by (-51)/4*49/((-1911)/208).
65
Suppose c - 18 = 2*c. Let l = 245 - 296. Let o = c - l. Calculate the remainder when 98 is divided by o.
32
Suppose 0 = 11*u - 217 - 410. Let n = u + -30. Suppose -n*b + 20*b + 77 = 0. Calculate the remainder when 18 is divided by b.
7
Suppose 0 = -5*t - b + 117, -5*t = 3*b - 140 + 29. Let d = 46970 - 46755. What is the remainder when d is divided by t?
23
Suppose 0 = -3*s - g - 130, 21*s - 214 = 26*s + g. Let z(d) = d**2 + 3*d + 3. Let o be z(-2). Calculate the remainder when 46 is divided by (o/2 + 0)/((-3)/s).
4
Let o = 6 - -25. Let i(j) = j + 23. Let b be i(-29). Calculate the remainder when o is divided by (-21*6/(-27))/(b/(-18)).
3
What is the remainder when -4 + (-26)/(-3) + -4 - 31369/(-39) is divided by 200?
5
Let l be -83 - (2 + -10 + 5). Let n = l + 101. What is the remainder when n is divided by 6?
3
Let s = 2122 - 2112. What is the remainder when 899 is divided by s?
9
Let t(g) = -78*g - 124. Calculate the remainder when t(-2) is divided by 10.
2
Suppose 10*b - 1113 - 5467 = 0. Calculate the remainder when b is divided by 35.
28
Suppose -6*s = 223 + 89. Let h = 55 + s. Suppose -t + 16 = h*u, -t + 21 = -5*u + 5. What is the remainder when t is divided by 11?
5
Suppose -y - i + 45 = 0, -2*y + 44 = -5*i - 18. Let c = 291 - 280. Calculate the remainder when y is divided by c.
8
Let p = 1589 + -1025. Suppose -56*r + p = -50*r. Calculate the remainder when 366 is divided by r.
84
Let h = 945 + -799. What is the remainder when h is divided by 2/(-8)*1 + 6800/320?
20
Suppose -6 - 4 = 5*v. Let a = -5 - -14. What is the remainder when a is divided by 0 - (-10)/(v/(-1))?
4
Let u be (-1)/((-2)/(-1) + 15/(-6)). Let t be 3/9 - u/6. Suppose -c + t*c + 51 = 0. What is the remainder when 303 is divided by c?
48
Let r(v) = -v**2 + 22*v - 20. Let n be r(13). Suppose 4*q = 83 + n. Suppose 30 = 3*j - 18. Calculate the remainder when q is divided by j.
13
Let t(i) = 9*i**2 - 11*i + 21. Suppose -5*g - 3*y - 91 = 0, -2*g + 4*g + 26 = 4*y. Let z = 1 - g. What is the remainder when t(3) is divided by z?
15
What is the remainder when 272 is divided by 316247/5463 - (-2)/36*2?
40
Suppose 9*p - 193 - 289 = 265. What is the remainder when 1155 is divided by p?
76
Let o = -169 + 177. Suppose -4*y - z + 7 + o = 0, 4*z - 9 = y. What is the remainder when 63 is divided by y?
0
Let r(b) = -636*b**3 + b**2 + 2*b. Let k be 3/(-9) + 2/(-3). What is the remainder when r(k) is divided by 13?
11
Let y(i) = 2*i + 15. Let g be y(-6). Let t = 66 - g. Let k = 125 - 108. Calculate the remainder when t is divided by k.
12
Suppose 298*j - 4457 = 297*j - 2*k, -3*k + 13365 = 3*j. Calculate the remainder when j is divided by 212.
1
Let x be 4/(56/(-35))*(-3 - -1). Suppose x*h = 4*h + 2*d + 125, -3*h + 384 = -3*d. Calculate the remainder when h is divided by 19.
17
Let m(t) = -t**3 + 21*t**2 + 12*t - 26. Let d be m(22). Let y = d - -484. What is the remainder when y is divided by 35?
28
Suppose -546 = -176*l + 163*l. Suppose -3*a + 12 = t, -2*a - 94 = 